-2 + -67
-66
-24 + 4 + (6 - -19) + -44
-39
What is the value of (-3 - -9 - 2) + 2 + -274 + 271?
3
Evaluate (22 - (5 - 24 - -26)) + -31.
-16
Calculate (-6 + -14 + 75 - 22) + -11.
22
45 + (-23 - (11 + (0 - 14) - 9))
34
Evaluate (-13 - ((-11 - 2 - 1) + (292 - 284))) + -1.
-8
Evaluate (110 - 28) + -37 + (3 - -2 - 20).
30
What is (1398 - 1352) + 11 + -2?
55
What is the value of -52 + -2 + 2 + (10 - 10) + -18 + 24?
-46
What is the value of 10 + -25 + 38 + 24?
47
What is the value of -2 + 29 - (-15 + (3 - (2 - 10)))?
31
What is 52 + (35 - (-9 - -63) - (1 + -3 - 7))?
42
Calculate 6 - (-13 - -13 - (-2 + 0 + 5)).
9
-1 + 13 + 30 + -19 + 27 + -31
19
What is -59 + 4 + -9 - (-4 - 0 - 2)?
-58
Calculate (-6 - 3) + -7 + (-172 - -200) + -10 + -2.
0
(13 - 23) + 45 - (15 + -2)
22
What is -16 + 12 + (6 - 12) - (-36 - -30)?
-4
What is the value of 2 + -31 - (31 + -70 + (27 - 5))?
-12
What is -9772 + 9758 + (-27 - 1 - 1)?
-43
What is (47 - (-12 - -19) - 10) + 19?
49
Calculate -40 + 58 + (-4 - (-15 - -1) - (-5 + 10)).
23
What is 9 + -7 + (-4 - 2) + 16 + 9?
21
What is 8 - -2 - (4 + 55 + -60)?
11
What is the value of -15 - (15 + -10 - (18 + (-11 - 73)))?
-86
Evaluate 57 + (-83 - -38) + -1 + 0 + 5.
16
Calculate (0 - (0 + (-3 - -5))) + (-199 - -183).
-18
Evaluate (252 - 116) + -40 + 5 + (-2 - -1 - -1).
101
Calculate -63 + 63 - (40 - (-5 - 1)).
-46
Evaluate (73 - 48) + -18 + 8 - (2 - 70).
83
(-11990 - -12128) + (-98 - 2)
38
What is the value of 8 - 10 - (-7 + -12) - 66?
-49
Calculate 1 + (1 - 0) - (52 + -53 + 11).
-8
29 + 0 + -529 + 350 + 87
-63
Calculate -46 + (71 - (-13 + 40)).
-2
What is 36 + (-25 - 29) - 45?
-63
124 + -149 + (55 - -24)
54
What is 70 + (5 - 15) - (68 + -77) - -22?
91
(-83 - (144 + -99)) + -23
-151
What is the value of -8 - ((12 - -9 - 13) + 4 + 37) - -5?
-52
Evaluate -13 + 32 - 1 - 15 - (1 - 25).
27
Calculate -1734 + 1657 - (-3 + 0 + -2).
-72
What is the value of (-32 - 54) + (477 - 417)?
-26
Evaluate (223 + -462 - -266) + (-57 - -1).
-29
What is the value of 72 - (210 - 92) - (-18 - 0)?
-28
Calculate (21 - (54 + -60 + 24)) + (0 - -96).
99
What is -23 + 19 + -68 + 35 + -64?
-101
Calculate 40 + -19 + -111 + 43 + -9.
-56
Calculate -88 + 29 - (-40 + 1).
-20
-19 - -5 - (-6 + -3) - (93 - (4 - 7))
-101
Evaluate -25 + 74 - (10 + 2) - (7 + -13).
43
What is -56 + (4 - 16 - -19) - -5?
-44
What is the value of -2 + 6 + 2 + 7 + 30?
43
Evaluate (105 - (-114 - -140)) + 4 + -44.
39
What is -18 - ((-9 - -7) + (8 - 14) + 4 + 9)?
-23
Calculate 49 + (-245 - -24) + 93.
-79
Calculate (51 + 1 - (127 - 113)) + 3 + -12.
29
What is the value of 23 - (17 + (-5 - -14) + -15)?
12
35 - -42 - (-3 + -14 - (-15 + 7) - -3)
83
Calculate -7 + 39 + -9 + -1 + 9 + -3.
28
What is the value of -57 - (-38 - (-58 - -40))?
-37
What is the value of 29 + (-108 + -27 + 39 - -27)?
-40
Evaluate -45 + (72 + 0 - (490 + -539)).
76
What is (-45 - (31 - (-44 - -78))) + -2 + 0?
-44
What is the value of -83 + (-14 - -1 - (141 + -153 + 19))?
-103
3 + (-4 - 3 - ((2 + 7 - 1) + -13))
1
22 + -139 + (88 - -4)
-25
Calculate (-12 - 26) + (27 - 10).
-21
Calculate -17 - ((28 - 12) + 4 + -10 + 12).
-39
What is -5 + 2 - (-28 + 43 - (21 + -3 + 0))?
0
What is the value of -790 - -787 - (-3 - 0 - 5)?
5
What is 89 - 140 - (-15 + 36)?
-72
Calculate 689 + -686 - ((-35 - -31) + 1 + 146).
-140
Evaluate -19 - ((28 + -157 - -35) + 16).
59
Evaluate 37 + (-26 - (0 - 5)).
16
What is the value of 123 - (101 + (-21 - -124))?
-81
2584 + -2571 + 38 + -2
49
What is -15 - (120 + -41) - (-73 + 55)?
-76
Calculate -612 + 554 - ((2 - 1) + 15 + -4).
-70
Evaluate (3 + 47 - (-322 - -311)) + 4 + -12.
53
What is 4 + 1 + 18 + -49 + 26?
0
What is the value of (6 - -10) + -10 + (-4 - (-12 + 31 + -6))?
-11
-19 + (20 + -14 - (8 + -15)) - 93
-99
(3 - (1 + 10)) + 22 + -44 + 40 - 58
-48
Evaluate 111 + (-206 + 72 - 1).
-24
What is (11449 - 11431) + (-1 - 48) + 0?
-31
Evaluate (36 - 28 - (78 + -2)) + 4 - -9.
-55
Calculate -8 + -2 - (-1 - ((18 - 65) + 4)) - 10.
-62
(54 - 49 - (3 + 17 - 4)) + 1
-10
What is 69 + -2 + -35 - 16?
16
What is 2 + -3 + -3 - (188 + -180) - (41 + 29)?
-82
What is (85 + -92 - (0 + -3) - 47) + -9?
-60
Evaluate (-13 - (9 + -12)) + -6 + 8 + -10.
-18
Evaluate 32 + -33 + -2 + -5 + -12.
-20
What is -92 + -31 + (-21 - (-14 - 19))?
-111
Calculate (-303 - -234) + 127 + 7.
65
What is the value of -39 + (-6 - -8 - -3) + (14 - 19)?
-39
What is the value of -109 + 28 - -97 - (19 + -1)?
-2
What is 38 + 2 + 280 + -304 + 39?
55
Evaluate -84 + 86 + (-37 - (-7 - 1)).
-27
0 - (-1 - 8) - (-8 + -18 + 19)
16
What is -8154 - -8167 - (77 - 2 - 2)?
-60
Calculate -1432 + 1436 + 2 + -2 + 3 + 9.
16
Calculate (-2 + -5 - ((14 - -6) + -178 - -21)) + 16.
146
Calculate 19 + -13 + (1 - -6) + 200 + -260.
-47
What is the value of 62 + 4 + (-14 - (-11 - -16)) + 11?
58
Calculate (1 - -10) + (2 - 46 - (366 + -384)) + 109.
94
Calculate (-29 - -77) + -3 + -63.
-18
Evaluate 63 - 1 - ((-47 - 123) + 166).
66
Calculate -1 + (-7 - 3) + 12 + 65.
66
What is the value of -161 - -50 - (99 + -128)?
-82
Evaluate 49 + 23 + 43 + -178.
-63
What is 2165 + -2048 + -17 + (0 - (2 + 2))?
96
What is -2 - (-25 - 11) - (4 + -5 - 17)?
52
Calculate (15 - -68) + (-2 - -7) + (30 - (44 + -20)).
94
What is the value of -3 + (0 + 5 - (-97 + 111)) + 57?
45
Evaluate (6 + -50 - -30) + 38.
24
What is the value of (-40 - (-121 + 55)) + 5 + -1 + 3?
33
Evaluate (-5 - -9) + -2 + (1 - 5) + -331 + 379.
46
Evaluate -20 + 0 - -42 - -5.
27
(5 - 19) + 12 + 0 - (1 + -57) - -9
63
Calculate 83 - -4 - (2649 + -2562).
0
Calculate 18 - 1 - (218 + 45 + -146).
-100
What is the value of 326 - 316 - (-1 + 1 - 1) - 19?
-8
-7 - (559 - 520 - ((15 - 1) + -1))
-33
Evaluate 27 + (12 - (8 - 0 - 1)) + (4 - 13).
23
-70 - -74 - (7 - 24)
21
What is the value of -32 + 12 + 5 + 37?
22
Evaluate (8 - -56) + -24 - 43.
-3
What is 36 - -2 - (-27 - -92 - 26)?
-1
(1 - 1) + 101 + -171 + -9 + -4
-83
Evaluate 16 + -25 + (26 - (-56 - -27)).
46
Evaluate -7 + -19 + 6 + 7 + 13 + 43.
43
What is -8 + (1 - 3) + (-6 + 25 - 2)?
7
-12 + -5 + (11 - (-14 - -8)) - (-1 + -19)
20
Calculate -41 + -36 + (32 - -56).
11
(11 - -1) + 72 + (4 + -28 - 4) + -10
46
-118 - 24 - (-53 - (48 - 61))
-102
What is -10 + (-7 - -5) + 14 + -12 + 24?
14
Evaluate -45 - (-28 + (8 - (-24 - -18))).
-31
Evaluate (-112 + 82 - (12 + -83)) + -23.
18
-37 + 21 + (-18 - 0) + 10
-24
Evaluate -52 - (39 + -9 + -29 + -21).
-32
4 + -3 + (-4 + (-14 - -14) - -13)
10
247 - 251 - (1 - -6) - (12 + 40)
-63
Evaluate -26 - (13 + -37) - (-2 + 6).
-6
What is the value of 152 + -154 - ((5 + -6 - 0) + 13 + 3)?
-17
What is the value of (-100 + -17 - (22 + (6 - 13))) + -6 + 11?
-127
Calculate -40 + -1 + 12 + (-1 - -8 - (-47 + 68)).
-43
Evaluate -514 - -404 - (-19 - 110).
19
Calculate 0 + -42 - (2411 + -2406).
-47
What is the value of -28 + (63 - 26) - 63?
-54
What is 0 - 27 - (6 - (-29 + 7) - 30)?
-25
What is 0 - 62 - (5701 + -5782)?
19
Calculate 4 + (-21 - -30 - (4 + 3 - 5)).
11
Calculate (143 - -5) + (420 - 492).
76
Evaluate 0 - 15 - (32 - 51) - 23.
-19
Calculate 0 + 11 + (128 - (288 + -239)).
90
What is -1 + -21 + -2 - (-29 + 39 + 5)?
-39
Evaluate -3459 + 3449 + (-48 - 0).
-58
Calculate -1 + -41 - (-18 + -6) - -97.
79
What is the value of -5 + 14 - (21 - (28 + -2)) - -137?
151
Evaluate (80 - 6) + 1110 + -1084.
100
Evaluate -11 + 2 + 3 + -14 + -27 + -50.
-97
Calculate (-15 - -17) + (6 - 11) + -5 + 24.
16
What is -24 + (-3 + -12 - -5) + 10 - 4?
-28
What is -7 - -1 - (4 - (12 + (4 - 6)))?
0
What is the value of (0 - 2 - -9) + (-47 + 35 - (15 - 14))?
-6
What is (33 - 7) + 70 + -43 + 13?
66
What is the value of 11 + (17 - 51) + 19 - (2 - 44)?
38
What is 34 - 8 - 26 - (14 + -7 + -70)?
63
What is the value of -24 - (-106 - 19 - -8) - (4 - -9 - 0)?
80
Evaluate 6 + -1 + 5 + (-32 + 65 - 23).
20
Calculate -13 + (11 - -24) - (-4 + (4 - -3) + -5).
24
Calculate (-8 - (38 - 1)) + (11 - ((6 - -8) + 0)).
-48
Evaluate 88 + (9 - 42) + 12 + 48 + -10.
105
What is 4 + -1 + -21 + (-25 - -15 - 5) + 22?
-11
What is the value of -58 + 1 + 9 + (4 + -6 - 8) + -2?
-60
What is the value of 16858 - 16839 - (2 - 1 - -32)?
-14
-3 + 29 + -7 + -43 - -21
-3
Calculate 972 + -986 + 2 + -1 + 0 + -35.
-48
Evaluate 11 - (35 + -67 + 16 + -13).
40
Calculate 6 + -9 + (-8 + (3 - 3) - -15) - -4.
8
648 - 657 - ((0 - 1) + -4) - (-5 + -48)
49
What is th